5
Calculate the remainder when 1756 is divided by 52.
40
Calculate the remainder when 350 is divided by 305.
45
Calculate the remainder when 232 is divided by 39.
37
What is the remainder when 115 is divided by 21?
10
What is the remainder when 2573 is divided by 33?
32
What is the remainder when 256 is divided by 43?
41
Calculate the remainder when 10970 is divided by 159.
158
What is the remainder when 3956 is divided by 29?
12
What is the remainder when 256 is divided by 10?
6
Calculate the remainder when 130 is divided by 116.
14
Calculate the remainder when 4088 is divided by 3.
2
What is the remainder when 161 is divided by 88?
73
What is the remainder when 7341 is divided by 65?
61
What is the remainder when 536 is divided by 168?
32
Calculate the remainder when 31 is divided by 22.
9
What is the remainder when 292 is divided by 6?
4
Calculate the remainder when 18 is divided by 2.
0
What is the remainder when 1266 is divided by 389?
99
What is the remainder when 42747 is divided by 285?
282
Calculate the remainder when 454 is divided by 134.
52
What is the remainder when 746 is divided by 22?
20
Calculate the remainder when 2967 is divided by 28.
27
What is the remainder when 6576 is divided by 108?
96
Calculate the remainder when 83 is divided by 43.
40
Calculate the remainder when 116 is divided by 28.
4
Calculate the remainder when 3378 is divided by 19.
15
What is the remainder when 133 is divided by 28?
21
What is the remainder when 279 is divided by 126?
27
What is the remainder when 3792 is divided by 68?
52
Calculate the remainder when 3569 is divided by 15.
14
What is the remainder when 97 is divided by 33?
31
What is the remainder when 254 is divided by 74?
32
Calculate the remainder when 448 is divided by 75.
73
What is the remainder when 7797 is divided by 60?
57
What is the remainder when 587 is divided by 86?
71
Calculate the remainder when 743 is divided by 137.
58
What is the remainder when 314 is divided by 21?
20
Calculate the remainder when 526 is divided by 425.
101
Calculate the remainder when 319 is divided by 215.
104
What is the remainder when 1402 is divided by 27?
25
Calculate the remainder when 181 is divided by 13.
12
What is the remainder when 2086 is divided by 72?
70
Calculate the remainder when 159 is divided by 23.
21
Calculate the remainder when 107 is divided by 30.
17
What is the remainder when 262 is divided by 25?
12
Calculate the remainder when 78 is divided by 22.
12
What is the remainder when 34 is divided by 32?
2
Calculate the remainder when 5631 is divided by 176.
175
What is the remainder when 107 is divided by 36?
35
What is the remainder when 259 is divided by 164?
95
Calculate the remainder when 10223 is divided by 142.
141
Calculate the remainder when 2371 is divided by 54.
49
Calculate the remainder when 1131 is divided by 303.
222
Calculate the remainder when 125 is divided by 42.
41
What is the remainder when 35 is divided by 20?
15
Calculate the remainder when 347 is divided by 33.
17
What is the remainder when 168 is divided by 90?
78
What is the remainder when 327 is divided by 15?
12
What is the remainder when 2397 is divided by 25?
22
Calculate the remainder when 117 is divided by 24.
21
Calculate the remainder when 1336 is divided by 666.
4
What is the remainder when 999 is divided by 6?
3
What is the remainder when 171 is divided by 44?
39
What is the remainder when 3266 is divided by 1627?
12
Calculate the remainder when 3795 is divided by 757.
10
Calculate the remainder when 1539 is divided by 23.
21
Calculate the remainder when 1070 is divided by 37.
34
What is the remainder when 353 is divided by 41?
25
Calculate the remainder when 15495 is divided by 26.
25
Calculate the remainder when 4521 is divided by 13.
10
Calculate the remainder when 188 is divided by 38.
36
What is the remainder when 73 is divided by 25?
23
What is the remainder when 699 is divided by 32?
27
Calculate the remainder when 955 is divided by 189.
10
What is the remainder when 24603 is divided by 185?
183
Calculate the remainder when 146 is divided by 98.
48
Calculate the remainder when 356 is divided by 342.
14
Calculate the remainder when 342 is divided by 118.
106
Calculate the remainder when 117 is divided by 30.
27
What is the remainder when 235 is divided by 30?
25
What is the remainder when 1489 is divided by 43?
27
Calculate the remainder when 365 is divided by 25.
15
What is the remainder when 5887 is divided by 95?
92
Calculate the remainder when 1016 is divided by 17.
13
Calculate the remainder when 13859 is divided by 126.
125
Calculate the remainder when 1663 is divided by 111.
109
Calculate the remainder when 6284 is divided by 7.
5
Calculate the remainder when 70 is divided by 44.
26
What is the remainder when 403 is divided by 45?
43
What is the remainder when 287 is divided by 51?
32
What is the remainder when 175 is divided by 36?
31
What is the remainder when 777 is divided by 30?
27
Calculate the remainder when 1936 is divided by 7.
4
What is the remainder when 1268 is divided by 63?
8
Calculate the remainder when 170 is divided by 80.
10
Calculate the remainder when 148 is divided by 28.
8
Calculate the remainder when 6141 is divided by 83.
82
Calculate the remainder when 2649 is divided by 12.
9
Calculate the remainder when 120 is divided by 39.
3
What is the remainder when 42 is divided by 22?
20
Calculate the remainder when 14600 is divided by 14.
12
What is the remainder when 482 is divided by 121?
119
What is the remainder when 556 is divided by 91?
10
What is the remainder when 4101 is divided by 2040?
21
Calculate the remainder when 4801 is divided by 15.
1
What is the remainder when 4015 is divided by 309?
307
Calculate the remainder when 1492 is divided by 18.
16
What is the remainder when 112 is divided by 63?
49
What is the remainder when 3548 is divided by 156?
116
Calculate the remainder when 144 is divided by 17.
8
Calculate the remainder when 368 is divided by 10.
8
What is the remainder when 106 is divided by 41?
24
What is the remainder when 3280 is divided by 15?
10
What is the remainder when 590 is divided by 197?
196
What is the remainder when 710 is divided by 34?
30
What is the remainder when 342 is divided by 65?
17
What is the remainder when 126 is divided by 114?
12
What is the remainder when 369 is divided by 328?
41
What is the remainder when 31 is divided by 17?
14
Calculate the remainder when 1185 is divided by 92.
81
What is the remainder when 44 is divided by 15?
14
Calculate the remainder when 26 is divided by 12.
2
Calculate the remainder when 490 is divided by 38.
34
Calculate the remainder when 1944 is divided by 648.
0
What is the remainder when 398 is divided by 106?
80
Calculate the remainder when 3294 is divided by 540.
54
What is the remainder when 1105 is divided by 30?
25
What is the remainder when 22 is divided by 15?
7
Calculate the remainder when 158 is divided by 55.
48
Calculate the remainder when 623 is divided by 12.
11
Calculate the remainder when 202 is divided by 16.
10
What is the remainder when 226 is divided by 78?
70
What is the remainder when 2407 is divided by 268?
263
What is the remainder when 9773 is divided by 30?
23
What is the remainder when 5607 is divided by 71?
69
What is the remainder when 92 is divided by 24?
20
What is the remainder when 141 is divided by 36?
33
Calculate the remainder when 1010 is divided by 11.
9
What is the remainder when 622 is divided by 26?
24
What is the remainder when 1038 is divided by 94?
4
What is the remainder when 88 is divided by 50?
38
What is the remainder when 961 is divided by 26?
25
What is the remainder when 1563 is divided by 43?
15
What is the remainder when 2451 is divided by 306?
3
What is the remainder when 290 is divided by 73?
71
What is the remainder when 127 is divided by 63?
1
What is the remainder when 677 is divided by 110?
17
What is the remainder when 394 is divided by 123?
25
Calculate the remainder when 167 is divided by 17.
14
Calculate the remainder when 9 is divided by 1.
0
Calculate the remainder when 693 is divided by 76.
9
Calculate the remainder when 1141 is divided by 374.
19
Calculate the remainder when 52 is divided by 10.
2
Calculate the remainder